= -2*j. Is j a composite number?
False
Let z(g) = -g**3 - 17*g**2 + 17*g - 18. Let c be z(-18). Suppose c = -5*n + 123 - 113. Suppose a + 3 = 0, 2*a - 255 - 1697 = -n*i. Is i a composite number?
True
Let q(y) = -4*y**3 - 3*y**2 + 23. Let d be q(-7). Let a = 3733 + d. Is a a composite number?
True
Is (2/16*2)/((-114)/(-802104)) composite?
False
Is (-49)/98 - (6/8 - 29006892/48) a composite number?
False
Suppose -5*a + 2053 = z - 4697, 2*z = 2*a - 2688. Let n = -450 + a. Is n composite?
True
Suppose 457*f = 243*f + 62214722. Is f a composite number?
True
Let r(y) = -10501*y - 7. Let x be r(2). Let t = 29896 + x. Is t prime?
True
Let v = 14062 + -4059. Let s = v - 3924. Is s prime?
True
Let k be (-2 + 62)/(18/2367). Let b = k + 2407. Is b a composite number?
True
Suppose -355 = -4*f - t, -3*t = 3*f - 8*t - 249. Suppose -52 = -5*a + 3*j, -5*a - 28 = -5*j - f. Suppose 0 = a*p - 12*p + 25588. Is p a composite number?
False
Let g(i) = i**2 - i + 1. Let s(a) = 64*a**2 + 7*a + 20. Let o(z) = -2*g(z) + s(z). Is o(-5) a prime number?
True
Suppose -3*t = -8*t + 60. Is (-7 - (-78)/t)*-8182 a composite number?
False
Let g(l) = -l**2 + l. Let s(n) = -61*n**2 + 5*n + 33. Let f(a) = 4*g(a) - s(a). Is f(-5) composite?
True
Suppose -2*d - 6391 = -n, -2*n + 2*d + 6715 + 6065 = 0. Is n a prime number?
True
Let r(l) = l**3 - 3*l**2 + 0*l**2 - 4*l - 16 + 3*l - l**2. Let n be r(5). Suppose n*f - 494 = 2*f. Is f composite?
True
Suppose 6159 = 21*u - 11964. Is u/(((-7)/3)/(-7)) prime?
False
Let a(m) = -2*m - 4. Let x be a(-5). Let g be (1/((-1)/2))/(x/(-15)). Suppose 0*d - 831 = -i - 3*d, g*i - 2*d = 4155. Is i prime?
False
Suppose 18 - 12 = 2*y. Suppose -2*m + y*k + 0*k = 18, 3*k - 42 = 4*m. Is (790/4)/((-6)/m) a prime number?
False
Let c(f) = 26*f**2 + 28*f + 20. Let r be c(-17). Let l = -4555 + r. Is l composite?
False
Let x be (-6379)/(-5) - 6/(-60)*-8. Suppose 13*d = x + 2456. Is d prime?
False
Let a = 21875 + -2976. Is a a prime number?
True
Let a = -4958 - -9619. Let t = -2424 + a. Is t a prime number?
True
Let a(i) = -10*i**3 - 9*i**2 - 47*i - 26. Let j be a(-8). Let c = 1077 + j. Is c a prime number?
False
Suppose 66619 = t + 4*q + 14916, 4*t + 5*q - 206823 = 0. Is t a prime number?
False
Let g(h) = 449*h**2 + 47*h + 1. Is g(2) a composite number?
True
Suppose 14*w + 2996946 = 2*o + 18*w, 9*w + 18 = 0. Is o prime?
False
Let n be (-2)/(-8) - (-22)/8. Suppose 0 = -4*x - b - 0*b + 532, b = 2*x - 266. Suppose -n*w = -v + 268, -3*v = -3*w - 689 - x. Is v a prime number?
True
Is ((-19)/((-969)/(-4342531)))/(1/(-3)) prime?
True
Let w(q) = 2*q**3 + 10*q**2 + 4*q + 24. Let x be w(-5). Suppose -4*d = 4*u - 1134 + 206, x*u = -2*d + 458. Is d a composite number?
True
Let b(x) = x**3 - 7*x**2 - 28*x - 12. Let w be b(10). Suppose w*a + 234190 = 18*a. Is a composite?
True
Let r = 38 + -37. Let h(j) = 7*j - 5. Let q be h(r). Suppose 3*u = o + 1895, -u - 3*u - q*o + 2520 = 0. Is u a composite number?
False
Let k be -1*(-7 + 5) + -56. Let v = k - -55. Let q(h) = 1765*h**2 - 4*h + 4. Is q(v) a composite number?
True
Suppose -3329679 - 1407776 = -55*x - 694020. Is x a prime number?
True
Let p be 1478/(-8) + 5/(-20). Let v = p + 273. Suppose 0 = j + 3*s - v, 5*j + 2*s - 171 = 230. Is j a prime number?
True
Suppose -4*y + 81914 = -3*c, y - 2*c + 0*c = 20481. Is y a composite number?
False
Let b = 22910 + -34376. Is 6/4*2 - (b - -2) prime?
True
Let x(b) be the second derivative of 3*b**5/5 - b**3 - 11*b**2/2 + 186*b. Is x(5) composite?
False
Let t = 197210 - -121887. Is t a composite number?
False
Suppose -2*o - 2*o - 12 = 4*m, -2*m - 12 = -o. Suppose b = -i - 728, -5*b + o*b = -15. Let n = i - -1172. Is n a prime number?
True
Let t be 9/15 - (-81)/15. Let w be (0 + t)/(8 - 6). Suppose 3*a - 6999 = -4*y, 4*a = w*a - 5*y + 2333. Is a a prime number?
True
Let c(s) be the second derivative of -s**5/10 - 19*s**4/12 + 5*s**3/3 + 27*s**2/2 - 99*s - 1. Is c(-14) a prime number?
False
Suppose 4*c + 356 = -908. Let p = c - -594. Let f = p - 192. Is f composite?
True
Suppose -1719 - 9361 = 8*g. Let x = g + 2338. Let r = x - 506. Is r composite?
True
Let d(x) = 4*x + 43. Suppose -n = -2*l + 47, 4*l + l - 101 = -3*n. Suppose -14*p = -12*p - l. Is d(p) a prime number?
False
Let o be (7040 - 34)*1/(-2). Let u = 7542 + o. Is u composite?
True
Let o = -443384 - -1152061. Is o composite?
True
Let l(m) = -m**3 + 27*m**2 + 40*m - 13. Let f be l(14). Suppose -4*u + 3812 = -5*c, 1670 = 5*u - 4*c - f. Is u a prime number?
True
Let r(p) = -3*p + 20 + 6*p - p. Let y be r(-9). Suppose 2*k + y*w = 6558, 4*k + w - 6810 = 6291. Is k a prime number?
False
Suppose -20 = 5*v - 10*v, 0 = -2*c - 4*v + 162342. Is c a prime number?
True
Let b be (6728/(-24))/((-5)/30). Suppose -2253 = -5*i + b. Is i prime?
True
Suppose 48*m + 35 = 53*m, 5*a - 1177800 = -5*m. Is a a prime number?
True
Let o be ((-1)/(-3))/(1/(-9)). Let m(l) = -1091*l + 3. Let n be m(o). Suppose -n = -4*w + 4*z, 2*z = -4*w + 7*z + 3280. Is w a composite number?
True
Let d be 16/(-4)*1 - 3. Let a = d + 346. Is a composite?
True
Suppose 3*f - 566203 - 53924 = -3*p, -2*f - p + 413422 = 0. Is f prime?
False
Let u = 34 + -26. Suppose u*p = 27*p - 56031. Is p prime?
False
Let p = 42 - 40. Suppose 4*r = p*b - 1164, 3*b = -b - 5*r + 2328. Suppose 2*a - v = b - 99, -5*v - 25 = 0. Is a composite?
False
Let m(u) be the second derivative of 11*u**4/3 + 15*u**2/2 - 2*u + 5. Is m(4) composite?
False
Let a be 10*(-21)/24*4. Let b = a + 38. Suppose -3*d - b*i = -0*d - 5256, 5*d - i = 8790. Is d a prime number?
False
Suppose 0 = 2*b + 9*b + 132. Let i be 27385/6 + 2*1/b. Suppose 16*l = 12*l + i. Is l a prime number?
False
Let b(l) = 179*l - 48. Let s be b(-8). Is 1*(9 + -10) - s/2 composite?
False
Let z = 426561 - 17848. Is z composite?
False
Let s(m) = -5506*m + 11. Let x be ((-26)/78)/(1/6). Is s(x) a prime number?
False
Let r be (6 - -1) + (-3)/((-15)/(-10)). Suppose -1 = 3*w + 4*s - 15, -5*w = r*s - 20. Is 11/(-22)*(w*-1 - 836) a prime number?
True
Suppose 1111748 + 1176092 = 20*z + 71820. Is z composite?
True
Let g(x) be the third derivative of -x**7/1260 + 179*x**6/720 + 8*x**5/15 - 22*x**2. Let r(v) be the third derivative of g(v). Is r(0) prime?
True
Suppose 0*k + k + 10 = 0. Let v(i) = -2*i**3 - 9*i**2 + 16*i + 11. Let f be v(k). Suppose 5*x + 306 = p, 3*p - f = 4*x + 22. Is p a prime number?
True
Is (39740822/496)/((-2)/(-16)) a prime number?
False
Suppose -17*r + 3533 = -16*r. Suppose 0 = -5*w + 15, r = -5*m + 5*w + 943. Let v = m - -1146. Is v a composite number?
False
Let v(x) = -2*x**3 - x**2 + 7*x + 9. Let g be v(-2). Suppose -61098 - 15713 = -g*b. Is b a composite number?
False
Let f(u) = -u**2 - 2*u - 1541. Let y(z) = -z**2 - z - 1541. Let n(r) = 3*f(r) - 4*y(r). Let j be n(0). Let i = j + -688. Is i composite?
False
Is (325/130 + 9/(-4))*60068 a composite number?
False
Suppose 0 = -3*r + 163 + 6179. Suppose r = 4*i + 246. Suppose -3*p = 3*q - 468, -3*p + q = 5*q - i. Is p a composite number?
False
Let f = -184131 - -276250. Is f a prime number?
True
Let p(s) = -s**2 - 25*s + 20. Suppose -8*y + 6*y = 52. Let c be p(y). Is (-28)/(-21) + -1 + (-1642)/c composite?
True
Suppose 0 = 2*k - 5*y - 837179, 11*k - 15*k = -5*y - 1674373. Is k prime?
True
Suppose 0 = 3*c + c - 284. Suppose -135*z + 4857 = 96*z - 21477. Let h = c + z. Is h a composite number?
True
Let h(b) be the second derivative of -23*b**7/105 - b**5/24 - 5*b**4/24 - 2*b**3/3 - 14*b. Let m(w) be the second derivative of h(w). Is m(-2) a prime number?
False
Suppose 5180839 = -25*x + 56939764. Is x prime?
False
Let u be (-1)/((-2)/12*3) - 10. Is (-4196 + -2)/(u + 6) a composite number?
False
Let a(b) = -b - 5. Let g be -10*(-2 - -1 - -2). Let m be a(g). Suppose 4*k + 2*h = 8816, 3440 - 12242 = -4*k + m*h. Is k a composite number?
False
Let b(y) be the third derivative of -y**6/120 - y**5/60 - y**4/12 - 329*y**3/2 + 10*y**2. Let p be b(0). Let d = p + 1552. Is d prime?
False
Suppose -w - w = -62. Let v(s) = -12*s**2 - 5*s**2 + w - s**3 + 5*s - 5*s**2. Is v(-23) composite?
True
Let y(z) = -3*z**2 - 193*z - 605. Is y(-58) prime?
False
Let w(s) = 457*s**3 - 3*s**2 + 8*s + 2. Suppose 15*q + 3 = 33. Is w(q) a composite number?
True
Let p = 543930 - 328963. Is p a prime number?
True
Suppose -11*r + 